986.
2, 3, 47, 5615273
What are the prime factors of 4432392866?
2, 11, 18315673
What are the prime factors of 158852616?
2, 3, 13, 19, 127, 211
List the prime factors of 58947955.
5, 11, 41, 26141
List the prime factors of 582841380.
2, 3, 5, 11, 883093
What are the prime factors of 63084500?
2, 5, 281, 449
List the prime factors of 84358920.
2, 3, 5, 702991
List the prime factors of 2646203623.
7, 127, 1429, 2083
List the prime factors of 133299334.
2, 7, 9521381
What are the prime factors of 1540505765?
5, 199, 1548247
What are the prime factors of 115911864?
2, 3, 137, 3917
What are the prime factors of 86646227?
86646227
List the prime factors of 873133.
873133
What are the prime factors of 915391828?
2, 13, 17603689
List the prime factors of 26667482.
2, 43, 310087
What are the prime factors of 883963780?
2, 5, 7, 47, 134341
What are the prime factors of 1127299510?
2, 5, 41, 2749511
List the prime factors of 1714421818.
2, 79, 313, 34667
List the prime factors of 934773495.
3, 5, 19, 173, 18959
What are the prime factors of 80260687?
13, 131, 47129
List the prime factors of 212066083.
113, 307, 6113
List the prime factors of 93111299.
1123, 82913
What are the prime factors of 205514414?
2, 7, 14679601
List the prime factors of 1662470388.
2, 3, 251, 733
What are the prime factors of 2793015625?
5, 178753
What are the prime factors of 723562570?
2, 5, 167, 433271
List the prime factors of 1233209943.
3, 7, 43, 455227
What are the prime factors of 2071207412?
2, 517801853
List the prime factors of 2280091431.
3, 760030477
List the prime factors of 837632015.
5, 11, 1567, 9719
List the prime factors of 1934160712.
2, 11, 23, 955613
What are the prime factors of 1632453648?
2, 3, 7, 4858493
What are the prime factors of 681231182?
2, 73, 4665967
List the prime factors of 2664763.
2664763
List the prime factors of 795314137.
6841, 116257
List the prime factors of 2971576104.
2, 3, 7, 17687953
What are the prime factors of 402136712?
2, 31, 1621519
What are the prime factors of 596361764?
2, 223, 668567
List the prime factors of 46322265.
3, 5, 11, 53, 5297
What are the prime factors of 173775007?
7, 19, 683, 1913
What are the prime factors of 2076163059?
3, 4441, 155833
What are the prime factors of 2001774955?
5, 400354991
What are the prime factors of 433732000?
2, 5, 13, 19, 439
What are the prime factors of 16807312?
2, 1050457
List the prime factors of 1533353577.
3, 7, 3769, 19373
List the prime factors of 278702958.
2, 3, 31, 1498403
What are the prime factors of 130197932?
2, 677, 48079
List the prime factors of 7416627.
3, 2472209
What are the prime factors of 416922636?
2, 3, 13, 89, 30029
List the prime factors of 177426426.
2, 3, 3911, 7561
What are the prime factors of 4058195426?
2, 17, 1447, 82487
List the prime factors of 228069329.
1321, 172649
What are the prime factors of 17885794?
2, 811, 11027
List the prime factors of 8222831664.
2, 3, 171308993
List the prime factors of 50141808.
2, 3, 37, 3137
List the prime factors of 723498576.
2, 3, 15072887
What are the prime factors of 98290232?
2, 12286279
What are the prime factors of 51520335?
3, 5, 131, 157, 167
What are the prime factors of 749066667?
3, 249688889
What are the prime factors of 498142439?
383, 1300633
What are the prime factors of 162222445?
5, 7, 11, 41, 43, 239
What are the prime factors of 1078719033?
3, 7, 2557, 20089
What are the prime factors of 932105871?
3, 101, 1025419
What are the prime factors of 1537383434?
2, 23, 31, 1078109
List the prime factors of 211512593.
211512593
What are the prime factors of 1604010?
2, 3, 5, 127, 421
What are the prime factors of 72619168?
2, 2269349
List the prime factors of 3004068.
2, 3, 139, 1801
What are the prime factors of 73693039?
7, 19, 47, 11789
List the prime factors of 98454588.
2, 3, 181, 45329
List the prime factors of 807628280.
2, 5, 4421, 4567
What are the prime factors of 110746480?
2, 5, 13, 106487
List the prime factors of 313148952.
2, 3, 4349291
List the prime factors of 5345407777.
277, 19297501
List the prime factors of 155776085.
5, 31, 1005007
What are the prime factors of 9988719?
3, 13, 256121
What are the prime factors of 1778065822?
2, 13, 31, 367, 6011
List the prime factors of 1136714304.
2, 3, 11, 227, 2371
What are the prime factors of 40093525?
5, 199, 8059
What are the prime factors of 20698690?
2, 5, 17, 313, 389
What are the prime factors of 243392087?
211, 1153517
What are the prime factors of 42539675?
5, 509, 3343
What are the prime factors of 357902356?
2, 7, 23, 73, 331
What are the prime factors of 6864917881?
55921, 122761
List the prime factors of 2589009142.
2, 1294504571
What are the prime factors of 32129499?
3, 10709833
List the prime factors of 271572544.
2, 4243321
List the prime factors of 82288903.
359, 229217
What are the prime factors of 99241257?
3, 17, 509, 3823
List the prime factors of 59776269.
3, 7, 73, 38993
What are the prime factors of 42818062?
2, 7, 62417
List the prime factors of 31121267.
31121267
List the prime factors of 302563742.
2, 13, 895159
List the prime factors of 342658008.
2, 3, 7, 11, 19, 3253
What are the prime factors of 87625210?
2, 5, 8762521
List the prime factors of 1901927320.
2, 5, 47548183
What are the prime factors of 833506380?
2, 3, 5, 7, 661513
List the prime factors of 2178773113.
11, 198070283
List the prime factors of 79059465.
3, 5, 1756877
List the prime factors of 48617857.
919, 52903
What are the prime factors of 908188136?
2, 113523517
What are the prime factors of 43706566?
2, 457, 47819
What are the prime factors of 59776487?
127, 461, 1021
List the prime factors of 49555887.
3, 31, 17189
List the prime factors of 99053086.
2, 11, 4502413
List the prime factors of 39006749.
521, 74869
What are the prime factors of 1206983796?
2, 3, 263, 281, 1361
List the prime factors of 74594889.
3, 8288321
List the prime factors of 236475465.
3, 5, 15765031
List the prime factors of 194169763.
194169763
List the prime factors of 299965403.
83, 3614041
List the prime factors of 791610997.
4421, 179057
List the prime factors of 379345018.
2, 13, 787, 18539
List the prime factors of 271885665.
3, 5, 67, 97, 2789
What are the prime factors of 40845369?
3, 29, 469487
What are the prime factors of 1427733814?
2, 13, 17, 3230167
What are the prime factors of 11084496?
2, 3, 29, 7963
List the prime factors of 168811394.
2, 17, 211, 23531
List the prime factors of 101181631.
19, 5325349
What are the prime factors of 240742593?
3, 7, 13, 17, 17291
List the prime factors of 65504720.
2, 5, 173, 4733
What are the prime factors of 1202286030?
2, 3, 5, 11, 3643291
List the prime factors of 572581850.
2, 5, 787, 14551
What are the prime factors of 196409162?
2, 409, 240109
What are the prime factors of 1663363130?
2, 5, 11, 13, 17, 53, 1291
List the prime factors of 24760748.
2, 6190187
What are the prime factors of 147546576?
2, 3, 341543
List the prime factors of 56737904.
2, 3546119
List the prime factors of 718375305.
3, 5, 449, 106663
What are the prime factors of 17816074?
2, 8908037
What are the prime factors of 7952222?
2, 19, 209269
What are the prime factors of 41929471?
59, 67, 10607
What are the prime factors of 1349280677?
1349280677
What are the prime factors of 122478744?
2, 3, 17, 300193
List the prime factors of 115692269.
7, 11, 53, 28349
List the prime factors of 465802254.
2, 3, 25877903
List the prime factors of 51240606.
2, 3, 19, 43, 10453
What are the prime factors of 2232787822?
2, 1116393911
What are the prime factors of 27764368?
2, 29, 53, 1129
What are the prime factors of 80047375?
5, 41, 15619
List the prime factors of 6531940.
2, 5, 326597
List the prime factors of 3911503349.
13, 23, 67, 195253
What are the prime factors of 1789210298?
2, 2939, 304391
List the prime factors of 157410907.
157410907
What are the prime factors of 127672890?
2, 3, 5, 17, 139, 1801
List the prime factors of 5110305302.
2, 313, 8163427
List the prime factors of 212444779.
212444779
What are the prime factors of 611668626?
2, 3, 31, 3288541
List the prime factors of 1778100356.
2, 31, 233, 61543
What are the prime factors of 3165360610?
2, 5, 10753, 29437
What are the prime factors of 52052139?
3, 73, 8803
What are the prime factor